{"id":913,"date":"2025-11-28T17:47:11","date_gmt":"2025-11-28T17:47:11","guid":{"rendered":"https:\/\/odontopediatria.uaz.edu.mx\/?page_id=913"},"modified":"2026-01-29T20:52:42","modified_gmt":"2026-01-29T20:52:42","slug":"nucleo-academico","status":"publish","type":"page","link":"https:\/\/odontopediatria.uaz.edu.mx\/?page_id=913","title":{"rendered":"N\u00facleo Acad\u00e9mico"},"content":{"rendered":"\n<div class=\"wp-block-stackable-columns stk-block-columns stk-block stk-9eccf8e\" data-block-id=\"9eccf8e\"><div class=\"stk-row stk-inner-blocks stk-block-content stk-content-align stk-9eccf8e-column\">\n<div class=\"wp-block-stackable-column stk-block-column stk-column stk-block stk-b74951c\" data-v=\"4\" data-block-id=\"b74951c\"><div class=\"stk-column-wrapper stk-block-column__content stk-container stk-b74951c-container stk--no-background stk--no-padding\"><div class=\"stk-block-content stk-inner-blocks stk-b74951c-inner-blocks\"><\/div><\/div><\/div>\n<\/div><\/div>\n\n\n\n<section class=\"wp-block-greenshift-blocks-row alignfull gspb_row gspb_row-id-gsbp-141be59\" id=\"gspb_row-id-gsbp-141be59\"><div class=\"gspb_row__content\"> \n<div class=\"wp-block-greenshift-blocks-row-column gspb_row__col--12 gspb_col-id-gsbp-2b9ebf2\" id=\"gspb_col-id-gsbp-2b9ebf2\">\n<figure class=\"wp-block-table\"><table class=\"has-fixed-layout\"><tbody><tr><td><span style=\"color: #0f0e17;\" class=\"stk-highlight\"><strong>Nombre <\/strong><\/span><\/td><td><span style=\"color: #0f0e17;\" class=\"stk-highlight\"><strong>Grado Acad\u00e9mico<\/strong><\/span><\/td><td><\/td><\/tr><tr><td>Aguilera Galaviz, Luis Alejandro<\/td><td>Doctor en Ciencias con Especialidad en Inmunolog\u00eda<\/td><td><a href=\"http:\/\/odontopediatria.uaz.edu.mx\/wp-content\/uploads\/2026\/01\/ALEJANDRO-AGUILERA-.jpg\" data-type=\"link\" data-id=\"http:\/\/odontopediatria.uaz.edu.mx\/wp-content\/uploads\/2026\/01\/ALEJANDRO-AGUILERA-.jpg\" target=\"_blank\" rel=\"noreferrer noopener\">CVU <\/a><\/td><\/tr><tr><td>Gait\u00e1n Fonseca, Cesar Iv\u00e1n<\/td><td>Doctor en ingenier\u00eda y ciencias de materiales<\/td><td><a href=\"http:\/\/odontopediatria.uaz.edu.mx\/wp-content\/uploads\/2026\/01\/CESAR-GAITAN.jpg\" data-type=\"link\" data-id=\"http:\/\/odontopediatria.uaz.edu.mx\/wp-content\/uploads\/2026\/01\/CESAR-GAITAN.jpg\" target=\"_blank\" rel=\"noreferrer noopener\">CVU<\/a><\/td><\/tr><tr><td>Luengo Fereira, Jes\u00fas Alberto<\/td><td>Doctorado en Ciencias Odontol\u00f3gicas<\/td><td><a href=\"http:\/\/odontopediatria.uaz.edu.mx\/wp-content\/uploads\/2026\/01\/JESUS-LUENGO.jpg\" data-type=\"link\" data-id=\"http:\/\/odontopediatria.uaz.edu.mx\/wp-content\/uploads\/2026\/01\/JESUS-LUENGO.jpg\" target=\"_blank\" rel=\"noreferrer noopener\">CVU<\/a><\/td><\/tr><tr><td>Carlos Medrano, Luz Elena<\/td><td>Maestr\u00eda en Ciencias de la Salud<\/td><td><a href=\"http:\/\/odontopediatria.uaz.edu.mx\/wp-content\/uploads\/2026\/01\/LUZ-CARLOS-.jpg\" data-type=\"link\" data-id=\"http:\/\/odontopediatria.uaz.edu.mx\/wp-content\/uploads\/2026\/01\/LUZ-CARLOS-.jpg\" target=\"_blank\" rel=\"noreferrer noopener\">CVU<\/a><\/td><\/tr><tr><td>D\u00edaz Rosas, Cristal Yurixie<\/td><td>Especialidad en Odontopediatr\u00eda<br>Maestr\u00eda en Ciencias Biom\u00e9dicas<\/td><td><a href=\"http:\/\/odontopediatria.uaz.edu.mx\/wp-content\/uploads\/2026\/01\/CRISTAL-ROSAS.jpg\" data-type=\"link\" data-id=\"http:\/\/odontopediatria.uaz.edu.mx\/wp-content\/uploads\/2026\/01\/CRISTAL-ROSAS.jpg\" target=\"_blank\" rel=\"noreferrer noopener\">CVU<\/a><\/td><\/tr><tr><td>Reyes Rivas, Heraclio<\/td><td>Maestr\u00eda en Odontopediatr\u00eda<\/td><td><a href=\"http:\/\/odontopediatria.uaz.edu.mx\/wp-content\/uploads\/2026\/01\/HERACLIO-REYES-.jpg\" data-type=\"link\" data-id=\"http:\/\/odontopediatria.uaz.edu.mx\/wp-content\/uploads\/2026\/01\/HERACLIO-REYES-.jpg\" target=\"_blank\" rel=\"noreferrer noopener\">CVU<\/a><\/td><\/tr><tr><td>Salazar de Santiago, Alfredo<\/td><td>Doctorado en Ciencias Biol\u00f3gicas<\/td><td><a href=\"http:\/\/odontopediatria.uaz.edu.mx\/wp-content\/uploads\/2026\/01\/ALFREDO-SALAZAR-.jpg\" data-type=\"link\" data-id=\"http:\/\/odontopediatria.uaz.edu.mx\/wp-content\/uploads\/2026\/01\/ALFREDO-SALAZAR-.jpg\" target=\"_blank\" rel=\"noreferrer noopener\">CVU<\/a><\/td><\/tr><tr><td>Toscano Garc\u00eda, Iovanna<\/td><td>Especialidad en Cirug\u00eda Maxilofacial<br>Maestr\u00eda en bio\u00e9tica<\/td><td><a href=\"http:\/\/odontopediatria.uaz.edu.mx\/wp-content\/uploads\/2026\/01\/IOVANNA-TOSCANO.jpg\" data-type=\"link\" data-id=\"http:\/\/odontopediatria.uaz.edu.mx\/wp-content\/uploads\/2026\/01\/IOVANNA-TOSCANO.jpg\" target=\"_blank\" rel=\"noreferrer noopener\">CVU<\/a><\/td><\/tr><tr><td>Ayala Escand\u00f3n, Carmen de la Luz<\/td><td>Especialidad en Odontopediatr\u00eda<br>Maestr\u00eda en Odontopediatr\u00eda<\/td><td><\/td><\/tr><tr><td>Sotelo Camacho, Ma del Socorro<\/td><td>Especialidad en<br>Odontopediatr\u00eda<\/td><td><\/td><\/tr><tr><td>Ch\u00e1vez Guajardo, Elsa<\/td><td>Doctora en Microbiolog\u00eda<\/td><td><a href=\"http:\/\/odontopediatria.uaz.edu.mx\/wp-content\/uploads\/2026\/01\/ELSA-GABRIELA-.jpg\" data-type=\"link\" data-id=\"http:\/\/odontopediatria.uaz.edu.mx\/wp-content\/uploads\/2026\/01\/ELSA-GABRIELA-.jpg\" target=\"_blank\" rel=\"noreferrer noopener\">CVU<\/a><\/td><\/tr><tr><td>\u00c1lvarez Morales, Gloria Martha<\/td><td>Doctorado en Ciencias Odontol\u00f3gicas<\/td><td><a href=\"http:\/\/odontopediatria.uaz.edu.mx\/wp-content\/uploads\/2026\/01\/GLORIA-ALVAREZ-.jpg\" data-type=\"link\" data-id=\"http:\/\/odontopediatria.uaz.edu.mx\/wp-content\/uploads\/2026\/01\/GLORIA-ALVAREZ-.jpg\" target=\"_blank\" rel=\"noreferrer noopener\">CVU<\/a><\/td><\/tr><tr><td>Anaya \u00c1lvarez, Minerva<\/td><td>Doctorado en Tanatolog\u00eda<\/td><td><a href=\"http:\/\/odontopediatria.uaz.edu.mx\/wp-content\/uploads\/2026\/01\/MINERVA-ANAYA-.jpg\" data-type=\"link\" data-id=\"http:\/\/odontopediatria.uaz.edu.mx\/wp-content\/uploads\/2026\/01\/MINERVA-ANAYA-.jpg\" target=\"_blank\" rel=\"noreferrer noopener\">CVU<\/a><\/td><\/tr><tr><td>Berm\u00fadez Jim\u00e9nez, Carlos Omar<\/td><td>Doctorado en Ciencias Odontol\u00f3gicas<\/td><td><\/td><\/tr><tr><td>Del Muro Casas, F\u00e1tima<\/td><td>Doctorado en Ciencias en Farmacolog\u00eda M\u00e9dica y Molecular<\/td><td><a href=\"http:\/\/odontopediatria.uaz.edu.mx\/wp-content\/uploads\/2026\/01\/FATIMA-DEL-MURO.jpg\" data-type=\"link\" data-id=\"http:\/\/odontopediatria.uaz.edu.mx\/wp-content\/uploads\/2026\/01\/FATIMA-DEL-MURO.jpg\" target=\"_blank\" rel=\"noreferrer noopener\">CVU<\/a><\/td><\/tr><tr><td>Franco Trejo, Christian<\/td><td>Doctora en Educaci\u00f3n<\/td><td><a href=\"http:\/\/odontopediatria.uaz.edu.mx\/wp-content\/uploads\/2026\/01\/CHRISTIAN-FRANCO.jpg\" data-type=\"link\" data-id=\"http:\/\/odontopediatria.uaz.edu.mx\/wp-content\/uploads\/2026\/01\/CHRISTIAN-FRANCO.jpg\" target=\"_blank\" rel=\"noreferrer noopener\">CVU<\/a><\/td><\/tr><tr><td>Rodr\u00edguez\u00a0Guajardo, Nelly Alejandra<\/td><td>Doctorado en Ciencias Forenses<\/td><td><a href=\"http:\/\/odontopediatria.uaz.edu.mx\/wp-content\/uploads\/2026\/01\/NELLY-RODRIGUEZ-.jpg\" data-type=\"link\" data-id=\"http:\/\/odontopediatria.uaz.edu.mx\/wp-content\/uploads\/2026\/01\/NELLY-RODRIGUEZ-.jpg\" target=\"_blank\" rel=\"noreferrer noopener\">CVU<\/a><\/td><\/tr><tr><td><\/td><td><\/td><td><\/td><\/tr><\/tbody><\/table><\/figure>\n<\/div>\n <\/div><\/section>\n\n\n\n<p><\/p>\n","protected":false},"excerpt":{"rendered":"","protected":false},"author":2,"featured_media":0,"parent":0,"menu_order":0,"comment_status":"closed","ping_status":"closed","template":"","meta":{"_gspb_post_css":"#gspb_row-id-gsbp-141be59{justify-content:space-between;margin-top:0;margin-bottom:0;display:flex;flex-wrap:wrap}#gspb_row-id-gsbp-141be59>.gspb_row__content{display:flex;justify-content:space-between;margin:0 auto;width:100%;flex-wrap:wrap}.gspb_row{position:relative}div[id^=gspb_col-id]{box-sizing:border-box;position:relative;padding:var(--gs-row-column-padding, 15px min(3vw, 20px))}body.gspb-bodyfront #gspb_row-id-gsbp-141be59>.gspb_row__content{width:var(--theme-container-width, 1200px);max-width:var(--theme-normal-container-max-width, 1200px)}#gspb_col-id-gsbp-2b9ebf2.gspb_row__col--12{width:100%}@media (max-width:575.98px){#gspb_col-id-gsbp-2b9ebf2.gspb_row__col--12{width:100%}}","_uag_custom_page_level_css":"","footnotes":""},"class_list":["post-913","page","type-page","status-publish","hentry"],"blocksy_meta":[],"uagb_featured_image_src":{"full":false,"thumbnail":false,"medium":false,"medium_large":false,"large":false,"1536x1536":false,"2048x2048":false,"woocommerce_archive_thumbnail":false,"woocommerce_thumbnail":false,"woocommerce_single":false,"woocommerce_gallery_thumbnail":false},"uagb_author_info":{"display_name":"Administrador Odontopediatria","author_link":"https:\/\/odontopediatria.uaz.edu.mx\/?author=2"},"uagb_comment_info":0,"uagb_excerpt":null,"_links":{"self":[{"href":"https:\/\/odontopediatria.uaz.edu.mx\/index.php?rest_route=\/wp\/v2\/pages\/913","targetHints":{"allow":["GET"]}}],"collection":[{"href":"https:\/\/odontopediatria.uaz.edu.mx\/index.php?rest_route=\/wp\/v2\/pages"}],"about":[{"href":"https:\/\/odontopediatria.uaz.edu.mx\/index.php?rest_route=\/wp\/v2\/types\/page"}],"author":[{"embeddable":true,"href":"https:\/\/odontopediatria.uaz.edu.mx\/index.php?rest_route=\/wp\/v2\/users\/2"}],"replies":[{"embeddable":true,"href":"https:\/\/odontopediatria.uaz.edu.mx\/index.php?rest_route=%2Fwp%2Fv2%2Fcomments&post=913"}],"version-history":[{"count":3,"href":"https:\/\/odontopediatria.uaz.edu.mx\/index.php?rest_route=\/wp\/v2\/pages\/913\/revisions"}],"predecessor-version":[{"id":1006,"href":"https:\/\/odontopediatria.uaz.edu.mx\/index.php?rest_route=\/wp\/v2\/pages\/913\/revisions\/1006"}],"wp:attachment":[{"href":"https:\/\/odontopediatria.uaz.edu.mx\/index.php?rest_route=%2Fwp%2Fv2%2Fmedia&parent=913"}],"curies":[{"name":"wp","href":"https:\/\/api.w.org\/{rel}","templated":true}]}}