{"id":176,"date":"2021-04-28T03:50:23","date_gmt":"2021-04-28T03:50:23","guid":{"rendered":"https:\/\/odontopediatria.uaz.edu.mx\/?page_id=176"},"modified":"2025-12-01T19:46:37","modified_gmt":"2025-12-01T19:46:37","slug":"mapa-curricular","status":"publish","type":"page","link":"https:\/\/odontopediatria.uaz.edu.mx\/?page_id=176","title":{"rendered":"Mapa curricular"},"content":{"rendered":"\n<div class=\"wp-block-uagb-image uagb-block-7f44c4d3 wp-block-uagb-image--layout-default wp-block-uagb-image--effect-static wp-block-uagb-image--align-none\"><figure class=\"wp-block-uagb-image__figure\"><img decoding=\"async\" srcset=\"https:\/\/odontopediatria.uaz.edu.mx\/wp-content\/uploads\/2025\/12\/MAPA-CURRICULAR-ESPECIALIDAD--1024x768.png ,https:\/\/odontopediatria.uaz.edu.mx\/wp-content\/uploads\/2025\/12\/MAPA-CURRICULAR-ESPECIALIDAD-.png 780w, https:\/\/odontopediatria.uaz.edu.mx\/wp-content\/uploads\/2025\/12\/MAPA-CURRICULAR-ESPECIALIDAD-.png 360w\" sizes=\"auto, (max-width: 480px) 150px\" src=\"https:\/\/odontopediatria.uaz.edu.mx\/wp-content\/uploads\/2025\/12\/MAPA-CURRICULAR-ESPECIALIDAD--1024x768.png\" alt=\"\" class=\"uag-image-963\" width=\"2304\" height=\"1728\" title=\"MAPA CURRICULAR ESPECIALIDAD\" loading=\"lazy\" role=\"img\"\/><\/figure><\/div>\n\n\n\n<p>Dentro del mapa curricular los semestres est\u00e1n desglosados en UDIs y estos a su vez en contenidos, en donde el alumno debe de alcanzar los<br>niveles de aprendizaje centrado en competencias, de acuerdo a la naturaleza de cada UDI.<\/p>\n\n\n\n<ul class=\"wp-block-list\">\n<li>Competente (el alumno debe tener conocimiento te\u00f3rico s\u00f3lido y comprensi\u00f3n del tema y\/o en su caso contar con la suficiente<br>experiencia cl\u00ednica para establecer un adecuado diagn\u00f3stico, pronostico y tratamiento de las patolog\u00edas bucales en pacientes infantiles).<\/li>\n<\/ul>\n\n\n\n<ul class=\"wp-block-list\">\n<li>Conocimiento (el alumno debe tener conocimiento te\u00f3rico s\u00f3lido y comprensi\u00f3n del tema, pero sin una experiencia cl\u00ednica o con pr\u00e1ctica limitada).<\/li>\n\n\n\n<li>Familiarizado (el alumno debe alcanzar una comprensi\u00f3n b\u00e1sica del tema, pero no requiere experiencia cl\u00ednica o pr\u00e1ctica directa, ni se espera que realice los procedimientos de forma independiente, requiriendo acompa\u00f1amiento del docente).<\/li>\n<\/ul>\n\n\n\n<p><\/p>\n","protected":false},"excerpt":{"rendered":"<p>Dentro del mapa curricular los semestres est\u00e1n desglosados en UDIs y estos a su vez en contenidos, en donde el alumno debe de alcanzar losniveles de aprendizaje centrado en competencias, de acuerdo a la naturaleza de cada UDI.<\/p>\n","protected":false},"author":2,"featured_media":0,"parent":0,"menu_order":0,"comment_status":"closed","ping_status":"closed","template":"","meta":{"_gspb_post_css":"","_uag_custom_page_level_css":"","footnotes":""},"class_list":["post-176","page","type-page","status-publish","hentry"],"blocksy_meta":[],"uagb_featured_image_src":{"full":false,"thumbnail":false,"medium":false,"medium_large":false,"large":false,"1536x1536":false,"2048x2048":false,"woocommerce_archive_thumbnail":false,"woocommerce_thumbnail":false,"woocommerce_single":false,"woocommerce_gallery_thumbnail":false},"uagb_author_info":{"display_name":"Administrador Odontopediatria","author_link":"https:\/\/odontopediatria.uaz.edu.mx\/?author=2"},"uagb_comment_info":0,"uagb_excerpt":"Dentro del mapa curricular los semestres est\u00e1n desglosados en UDIs y estos a su vez en contenidos, en donde el alumno debe de alcanzar losniveles de aprendizaje centrado en competencias, de acuerdo a la naturaleza de cada UDI.","_links":{"self":[{"href":"https:\/\/odontopediatria.uaz.edu.mx\/index.php?rest_route=\/wp\/v2\/pages\/176","targetHints":{"allow":["GET"]}}],"collection":[{"href":"https:\/\/odontopediatria.uaz.edu.mx\/index.php?rest_route=\/wp\/v2\/pages"}],"about":[{"href":"https:\/\/odontopediatria.uaz.edu.mx\/index.php?rest_route=\/wp\/v2\/types\/page"}],"author":[{"embeddable":true,"href":"https:\/\/odontopediatria.uaz.edu.mx\/index.php?rest_route=\/wp\/v2\/users\/2"}],"replies":[{"embeddable":true,"href":"https:\/\/odontopediatria.uaz.edu.mx\/index.php?rest_route=%2Fwp%2Fv2%2Fcomments&post=176"}],"version-history":[{"count":18,"href":"https:\/\/odontopediatria.uaz.edu.mx\/index.php?rest_route=\/wp\/v2\/pages\/176\/revisions"}],"predecessor-version":[{"id":964,"href":"https:\/\/odontopediatria.uaz.edu.mx\/index.php?rest_route=\/wp\/v2\/pages\/176\/revisions\/964"}],"wp:attachment":[{"href":"https:\/\/odontopediatria.uaz.edu.mx\/index.php?rest_route=%2Fwp%2Fv2%2Fmedia&parent=176"}],"curies":[{"name":"wp","href":"https:\/\/api.w.org\/{rel}","templated":true}]}}